 5. Suppose b*x + 2*f = -0*x + 30, -3*x + f + 21 = 0. Calculate the greatest common factor of 40 and x.
8
Suppose 0 = -s + 3*l + 12, -16 = -0*s - 3*s + 4*l. Suppose -620 = -4*q + 2*a, s = -q + a + 3*a + 169. What is the greatest common divisor of q and 17?
17
Suppose z + 7 = 17. Let m = 22 + -18. What is the greatest common divisor of m and z?
2
Let l(y) be the second derivative of y**4/12 + 2*y**3/3 - 11*y**2/2 + 2*y. Let d = -21 - -13. Let b be l(d). Calculate the greatest common factor of b and 84.
21
Let d be (-3)/(-2)*(-728)/(-12). Calculate the highest common divisor of 13 and d.
13
Let b = -34 + 52. Suppose 9 = -3*q, -m = -2*m + q + 21. Calculate the greatest common factor of m and b.
18
Suppose 3*l - 8*l = 35. Let g = 13 + l. Calculate the greatest common divisor of 6 and g.
6
Suppose 2*s - 5*s + 48 = 0. Suppose -2*r + 101 = 3*a, -3*r - 5*a + 240 = 2*r. Let p = r - s. Calculate the greatest common factor of p and 3.
3
Let a be 705/135 + (-4)/18. What is the greatest common factor of a and 25?
5
Suppose 4*v - 41 - 27 = 0. What is the highest common divisor of v and 119?
17
Let n(r) = -3*r - 4. Let i be n(-3). Let c(p) = p - 3. Let z be c(i). Let v be 36/3*(-6)/(-4). What is the greatest common factor of v and z?
2
Suppose -6*c = -210 - 96. Calculate the highest common factor of c and 68.
17
Suppose -2*i - 2*a - a + 52 = 0, i + a - 26 = 0. Let s = -16 + i. What is the greatest common divisor of 4 and s?
2
Suppose -4*i + 2*j = -58, 0 = -2*j + j + 1. Calculate the highest common factor of i and 120.
15
Let p be (1 - 2)*1 + 7. Let i be (-40)/p*(-6)/4. Calculate the highest common factor of 10 and i.
10
Suppose w = -0*w + 34. What is the greatest common divisor of w and 51?
17
Let f = 23 + -5. What is the highest common divisor of 18 and f?
18
Suppose -3*d = 9*q - 4*q - 120, -q + 6 = -3*d. Suppose 5*s + q = 56. Let x(k) = 77*k. Let l be x(1). What is the highest common factor of l and s?
7
Let f = 5 + -4. Let r = 4 - f. What is the greatest common factor of r and 2?
1
Let v(b) = -b**2 + 13*b + 10. Let y be v(13). Calculate the greatest common factor of 110 and y.
10
Suppose 2*j = 3*h + 96, 4*j + h - 166 = j. What is the greatest common divisor of j and 54?
54
Suppose -25*p = -21*p - 64. What is the greatest common factor of p and 32?
16
Suppose -2*o = -5 - 13. Suppose 17 = 3*y + 5*a, 2*y - 3 = -0*y + 5*a. Let m = y + o. What is the greatest common factor of 91 and m?
13
Suppose 0 = -3*x - 3*f + 174, x = 6*x - 4*f - 263. Calculate the highest common divisor of x and 385.
55
Suppose 3*n = 4*a - 5, 11 = 3*a + 5*n - 0. Calculate the greatest common factor of a and 6.
2
Let t = 138 + -68. Let c be (24/(-14))/((-4)/336). Suppose -5*v + 2*v + 82 = m, -2*m - c = -5*v. What is the highest common divisor of t and v?
14
Suppose -3*k - 6*p + 3*p + 12 = 0, 3*k - 5*p - 36 = 0. Calculate the greatest common divisor of 56 and k.
7
Let s(c) = 9*c**2 - 13*c + 12. Let m be s(8). Calculate the greatest common factor of 44 and m.
44
Let d(p) = -11*p - 31. Let x be d(-6). Calculate the highest common divisor of x and 5.
5
Suppose -b + 27 = r, -2*r - b + 47 + 4 = 0. What is the highest common divisor of 72 and r?
24
Suppose -3*s - 4*l + 44 = 0, 59 + 1 = 2*s - 5*l. What is the highest common divisor of s and 140?
20
Suppose 2*o = 9*o - 98. Let d(f) = -f - 5. Let p be d(-9). Let x = 6 - p. What is the greatest common factor of x and o?
2
Let q = -72 + 121. Let y = 8 + 5. Let r be 1/2 + y/2. What is the highest common divisor of q and r?
7
Let f = 0 - 3. Let s = f + -1. Let z(m) = -19*m + 1. Let y be z(s). Calculate the highest common divisor of 7 and y.
7
Let o = -17 - -13. Let u(z) = z**3 + 6*z**2 - 5*z - 4. Let l be u(o). What is the greatest common divisor of 24 and l?
24
Let s be 4*3/7*(-308)/(-8). What is the highest common factor of 44 and s?
22
Let x = -108 + 398. What is the greatest common factor of x and 10?
10
Let f = -22 - -42. Calculate the greatest common factor of f and 140.
20
Let u(p) = p + 11. Let z be u(-11). Suppose z = a - 9 - 6. Let q be -1*(0 - -1) + 136. Calculate the greatest common divisor of a and q.
15
Suppose 8*x - 40 = 7*x. What is the greatest common divisor of x and 10?
10
Let u(r) = -34*r**3 + r**2 + r + 1. Let x be u(-1). Let q(d) = 10*d - 5. Let z be q(2). Suppose 4*f = 5 + z. Calculate the highest common factor of f and x.
5
Suppose 0 = -7*g - 5 + 96. Let k(l) = 14*l - 9. Suppose 2*n - 6 = 12. Let f be k(n). What is the highest common factor of g and f?
13
Suppose 5*o = 4*p + 2, 4 = 4*o - 3*p + p. Suppose -4*m = j - 131, m - 6*m = -o*j - 167. Calculate the greatest common factor of m and 297.
33
Suppose 0 = y - 4*y + 6. Calculate the highest common divisor of y and 14.
2
Suppose 298 = 4*f - 5*w, 0 = -2*f + 3*w - 19 + 167. Let v(h) = -h**2 - 8*h - 5. Let k be v(-6). What is the highest common divisor of k and f?
7
Let s = 19 - 12. Suppose -6*d = -11 - s. Calculate the greatest common divisor of d and 3.
3
Suppose 0*g = 3*s + 3*g - 6, -3*s + 3*g + 12 = 0. Suppose -s = -q + 10. What is the highest common divisor of 91 and q?
13
Let k(h) = h + 6. Let z be k(-5). Let f be (2 - (-3)/(-1))*-2. What is the highest common divisor of z and f?
1
Let v(x) = -x + 5. Let k be v(0). Suppose 382 = k*r + 137. Calculate the highest common factor of r and 7.
7
Suppose -4*u = -2*t + 50, -4*u = t + 8 - 63. Suppose -2*s = -0 - 14. What is the highest common factor of t and s?
7
Let g = 51 + -40. Calculate the greatest common factor of 121 and g.
11
Let i(a) = -7*a - 3. Let j be i(-6). Suppose k - 29 = j. Calculate the greatest common divisor of 17 and k.
17
Let x = 4 + 0. Suppose -x*u + 100 = -60. Calculate the greatest common divisor of 10 and u.
10
Let c(t) = 2*t + 19*t - 3 + 7. Let a be c(4). Calculate the greatest common divisor of 11 and a.
11
Let r be (-13 - -18)/((-26)/(-24) + -1). Calculate the greatest common factor of 90 and r.
30
Let v be 0 - ((0 - -4) + -35). Calculate the highest common divisor of 279 and v.
31
Suppose t - 21 = -4*b - 2*t, 0 = 3*b - 4*t - 22. Suppose 2*g + 232 = 5*j - 2*g, -2*j = -5*g - 86. What is the greatest common factor of b and j?
6
Suppose -3*a = a - 8. Suppose 2 = 2*f - a. What is the greatest common factor of 14 and f?
2
Let g be (26/(-6))/((-2)/6). Calculate the highest common divisor of 169 and g.
13
Let q be (-8)/(-24) - 68/(-3). What is the highest common factor of q and 184?
23
Let x(z) = z + 5. Let n be x(-3). Let i be 3 + (11 - n/(-1)). What is the highest common divisor of i and 8?
8
Suppose -4*t = 4, 5*w - 215 = 2*t + 3*t. Calculate the greatest common divisor of w and 63.
21
Let z(n) = n**2 - 5*n - 7. Let h be z(7). Let b be (54/21)/(1/h). Calculate the greatest common divisor of b and 54.
18
Let p be (-10)/6 + 13/(-39). Let y = p + 13. What is the greatest common divisor of 33 and y?
11
Let c(q) = 3*q**2 - 4*q - 13. Let m be c(-3). Calculate the highest common divisor of m and 65.
13
Let y = 1 - 0. Suppose y = s - 15. Let a = s + 3. Calculate the greatest common factor of 57 and a.
19
Let t = -20 - 40. Let f be (-10 + 1)/(5/t). Calculate the greatest common divisor of 12 and f.
12
Let k(c) = -c**3 + 3*c**2 + 4*c - 2. Let i be k(3). Let t(m) = 2 + 1 - 5 + i*m + 7*m. Let q be t(2). Calculate the greatest common factor of 4 and q.
4
Let s(g) be the third derivative of -g**4/24 - 5*g**3/6 - g**2. Let d be s(0). Let v = 0 - d. Calculate the greatest common divisor of 10 and v.
5
Let i be (21/6 + -2)*2. Let m be (-110)/(-4) - (-2)/(-4). Calculate the highest common divisor of m and i.
3
Suppose 311 = 8*s - 1593. What is the greatest common divisor of s and 34?
34
Let k be (-216)/(-8) - (1 + 2). What is the greatest common factor of 16 and k?
8
Let b = 11 - -17. Let v be (-5 - 161/(-21))*21. Calculate the greatest common factor of b and v.
28
Let i be 65/3 - (-2)/(-3). Suppose 61 = 4*h + i. Calculate the highest common divisor of h and 5.
5
Let z(c) be the first derivative of c**4/4 + 2*c**3 - 2*c**2 - 6*c + 5. Let y be z(-6). Calculate the highest common factor of y and 9.
9
Let n(r) be the first derivative of -5*r**2/2 + 7*r - 3. Let j be n(-5). What is the greatest common divisor of 48 and j?
16
Let b = 105 + -97. Calculate the greatest common factor of b and 8.
8
Let d(r) = r**2 + r + 5. Suppose 29 = 